 w and 1232.
112
Let n(i) = 28*i**2 - i. Let g be n(1). Let j(a) = a**3 + 6*a**2 + 2*a - 2. Let x be j(-3). Suppose 0 = -k + x - 1. What is the highest common factor of g and k?
9
Suppose 46 = 10*d + 26. What is the greatest common divisor of d and 34?
2
Let q = 306 - 288. Calculate the highest common divisor of 102 and q.
6
Suppose 2*d = -8, 0 = -4*w - 53*d + 52*d + 824. Let l be 22 - -1*(1 + 0). Calculate the highest common factor of w and l.
23
Suppose 6*l + 66 = 4*y, -5*l = 2*y - 7*y + 70. What is the greatest common factor of 48 and y?
3
Let j(m) = 9*m + 5. Let o be j(4). Let c = 69 - o. Suppose 3*f = q + 4*f - 1, -5*f = -2*q + 23. Calculate the greatest common factor of c and q.
4
Let w(v) = 2*v**3 - 5*v**2 - v + 6. Let r be w(5). Let c = 205 - 191. Calculate the highest common factor of c and r.
14
Let i be (-54)/21*2/(-4)*7. Calculate the greatest common factor of 648 and i.
9
Let m = -287 + -53. Let d be (-4)/14 - m/14. What is the greatest common divisor of d and 3?
3
Let m be 89 - (-3 + 1 - 5). What is the greatest common factor of m and 12?
12
Let d(o) = o**3 + 3*o**2 + 2*o + 2. Let c be d(-2). Let p = -10888 - -10896. What is the greatest common divisor of c and p?
2
Let r = 47 - 45. Suppose -r*h = -j - 105 + 7, 0 = -2*h - 3*j + 90. Suppose -4*s + 13 + 11 = 0. What is the highest common factor of h and s?
6
Suppose -15 = -4*k + 3*m + 3, 0 = 4*k - m - 14. Suppose -3*a + 0*h = -3*h - 42, -5*h = 3*a - 2. Calculate the highest common factor of a and k.
3
Let p(b) = 58*b + 2. Let f be p(3). Let c be 1 + f - (1 + 0). Let r be 11/1 - (51/(-12) - 45/60). What is the highest common divisor of c and r?
16
Let d(c) = -2*c - 11. Let o be d(-8). Suppose 3*j + 4*x = o*x + 162, x - 223 = -4*j. Calculate the highest common divisor of 22 and j.
11
Let t = 1337 + -1328. What is the greatest common divisor of 468 and t?
9
Let w be 31 + (-5)/(-35) + (-40)/(-14). Let l = 43 + w. Calculate the greatest common divisor of l and 7.
7
Let h be 38/(-14) + 7/((-147)/6). Let i be h*(-1)/6*18. What is the highest common divisor of i and 99?
9
Let m(l) = 11*l - 75. Let u be m(33). Calculate the highest common factor of u and 32.
32
Suppose -2*a - 241 = -2*x + 53, 4*x = 2*a + 594. Let h be 114/27 - (-8)/(-36). Let w be (x/h)/((-45)/(-240)). Calculate the greatest common divisor of w and 40.
40
Let h be 16/4 + 1*2. Let s = -3 + h. Suppose s*m - 11 = -5*b, 0 = -3*m - b + 44 - 13. Calculate the greatest common factor of 30 and m.
6
Let t(f) = 44*f**2 + 4*f + 20. Let g be t(-5). What is the greatest common factor of 44 and g?
44
Suppose 54*s - 604 = 1826. Calculate the highest common divisor of 360 and s.
45
Suppose 26*z = 27*z - 6. Suppose -z = 3*r - 21. Suppose -2*d = h + 2, -2*d + 4 = 4*h - 0*h. What is the greatest common divisor of h and r?
1
Let w(v) = -2*v**2 - 74*v - 48. Let z be w(-35). What is the greatest common factor of 1196 and z?
92
Suppose 0 = -w - h - 3*h + 181, 0 = 3*h - 15. Calculate the highest common factor of w and 46.
23
Suppose 3*i - 216 = 9. Suppose -20*y - 237 = -5*h - 24*y, -96 = -2*h - 2*y. What is the greatest common divisor of i and h?
15
Suppose 10*m - 8*m = 42. Let o = -13 + 48. What is the greatest common divisor of m and o?
7
Let m be 38/3 - 4/6. Let w(b) = b**2 + 4*b - 15. Let l be w(-6). Let c be (l/6)/((-1)/168). Calculate the greatest common divisor of m and c.
12
Suppose 5789 = l + 5679. What is the greatest common factor of 550 and l?
110
Let d be 6 - (2*(-55)/10 - 4). Calculate the highest common factor of 70 and d.
7
Suppose 120*f - 100 = 115*f. Calculate the highest common factor of f and 130.
10
Let w(j) = -j - 4. Let t(q) = -q**2 + 1. Let l be t(-1). Let m be w(l). Let n be ((-2)/m)/(1/60). Calculate the highest common divisor of 30 and n.
30
Let x = -1112 + 1164. What is the highest common factor of 143 and x?
13
Suppose -6*h = -h - 65. Suppose -5*c - 42*g = -43*g - 132, 2*c - 44 = -4*g. Calculate the highest common factor of h and c.
13
Let z be 3/9 + 222/9. Suppose -r + 4 = r, -r - z = -x. What is the greatest common divisor of 3 and x?
3
Suppose 0 = 4*g - 20, -4*g + 37 = -5*w - 3. Let i be 16/1*(-3 + 4). Let u be w/i*-4*1. Calculate the greatest common divisor of 7 and u.
1
Let k be 2 - (-6 - 382) - -2. Calculate the greatest common divisor of k and 49.
49
Suppose -4*b = -3*w + 36, -3*w + 2*w + 4*b + 20 = 0. Calculate the highest common factor of w and 10.
2
Let x = -1811 - -1856. What is the greatest common divisor of x and 120?
15
Let q = -6 + 11. Suppose -5 = n, 5*f + q*n - 5 = -0*f. Let u(z) = -z**3 - 15*z**2 - 11*z + 48. Let v be u(-14). What is the greatest common factor of f and v?
6
Let q(z) = 11 - 11 + 10*z. Let f = -5 + 7. Let k be q(f). What is the greatest common divisor of k and 20?
20
Let l(m) = -m**3 + 3*m**2 + 39*m + 63. Let r be l(-9). Calculate the greatest common divisor of r and 9.
9
Suppose -304 = -20*l + 1396. Let n(v) = v**2 + 3*v - 3. Let z be n(-4). Let w be z/3 - 303/(-9). Calculate the greatest common divisor of l and w.
17
Suppose 4*k - 3 = 21. Let v be k/(-45) - (-184)/30. Suppose -29 = -f - 0*f - 5*c, 5*c + 241 = 4*f. What is the greatest common factor of v and f?
6
Let l = 40 - 36. Let b be l - (-2 + 28/1). Let c = b - -30. What is the highest common factor of c and 72?
8
Let n(j) = j**2 + 36*j + 6. Let h be n(-36). What is the greatest common factor of h and 324?
6
Let f be 3166/24*4 - 1/(-3). Calculate the greatest common divisor of 6 and f.
6
Suppose 4*b + 26 = -5*u, b + u - 3 + 10 = 0. Let m = b - -13. Let h(p) = p**2 + 14*p + 12. Let r be h(-16). Calculate the greatest common factor of m and r.
4
Let j = -20 - -28. Suppose -j*a + 15 = -5*a. Suppose -z + 0*z = q - 6, -5*q + 27 = 2*z. Calculate the highest common divisor of a and q.
5
Suppose 0*l = 6*l - 120. Let q = -13 + l. Let r be 81/6 + (-1)/(-2). What is the greatest common factor of q and r?
7
Suppose 12*i - 289 + 85 = 0. Calculate the greatest common divisor of 153 and i.
17
Suppose 0 = -2*n - 5*k + 30, n + 0*n - 2*k - 15 = 0. What is the highest common factor of 145 and n?
5
Let c be (0 + -9)*(3 - 2)/1. Let s = c - -34. What is the greatest common factor of s and 25?
25
Let h be ((-4)/2)/((-14)/(-525)). Let r be 103/10*2 + (-30)/h. What is the highest common factor of r and 63?
21
Suppose -3*y + 4*y = 49. Suppose -g + 17 = 4*s, 0*g + 3*s - y = -2*g. Let h = g - 2. Calculate the highest common factor of 27 and h.
27
Suppose 208 = 4*d - 0*d - 4*w, 0 = 2*d + 2*w - 100. Let u = -19 + d. Calculate the highest common factor of 4 and u.
4
Suppose 0 = -271*x + 260*x + 77. Suppose -26 = -4*t + 226. Calculate the highest common factor of x and t.
7
Let x be (4/6)/(1/(-141)). Let v = 377 + -232. Let k = x + v. Calculate the highest common factor of k and 34.
17
Let n = -80 + 368. Suppose -17*h + 19*h = n. Calculate the greatest common factor of 16 and h.
16
Let o(k) = -2*k + 16. Let x be o(7). Suppose -318 = -3*d + x*y, 5*d - 7*y = -2*y + 525. What is the highest common factor of d and 12?
12
Suppose 0 = -g - 2, g = -l - 1 + 29. What is the highest common divisor of 210 and l?
30
Let f be 191 + 12 - (-5 - 1)/(-2). Let x(r) = -26*r - 1. Let v be x(-1). What is the highest common factor of v and f?
25
Let u(x) = -10*x**3 + 2. Let c(v) = -v**3 + v**2 + v + 1. Let y(z) = -3*c(z) + u(z). Let p be y(-3). What is the greatest common divisor of 17 and p?
17
Let y(b) = b**3 + 12*b**2 - 10*b + 2. Let x be y(-12). Let s = x + -114. Calculate the highest common divisor of s and 8.
8
Let n(t) = 0*t - 8*t - 12 + 18*t - 6*t - 6*t. Let h be 21/(-2) + 2/(-4). Let i be n(h). Calculate the greatest common divisor of 70 and i.
10
Let q(w) = -w**3 + 7*w**2 + 46*w - 8. Let b be q(11). Calculate the highest common factor of b and 28.
14
Let g be 61 - ((1 - 2) + 0). Suppose 5*u + 170 = -5*x, -2*x = -3*x - 5*u - 42. Let h = x + g. Calculate the highest common divisor of 45 and h.
15
Suppose -9*n = -430 + 88. Calculate the greatest common factor of 19 and n.
19
Let o = 3 + 5. Let c be (2/(-4))/(3/(-216)). Suppose -c = -11*i + o*i. Calculate the greatest common divisor of 6 and i.
6
Let f(l) = -69*l + 918. Let p be f(9). Calculate the greatest common factor of 54 and p.
27
Let g be 248 - (0 + (6 - 14)). Calculate the highest common factor of 64 and g.
64
Let